{"id":24033,"date":"2018-10-24T15:36:01","date_gmt":"2018-10-24T13:36:01","guid":{"rendered":"http:\/\/dame.kantt.fr\/?post_type=activit_s&#038;p=24033"},"modified":"2019-03-01T15:47:39","modified_gmt":"2019-03-01T14:47:39","slug":"cinema","status":"publish","type":"activit_s","link":"https:\/\/dominiqueouattara.ci\/en\/activit_s\/cinema\/","title":{"rendered":"Cin\u00e9ma"},"content":{"rendered":"<p>The event witnessed the presence of government officials such as Maurice Kouakou Bandama, Minister of Culture and Francophonie, Sidy Timi\u00e9ko Tour\u00e9, Minister of Communication and Media and Tour\u00e9 Mamadou, Minister for the Promotion of Youth and Youth Employment. Celebrities from the world of culture were also present including \u00a0famous actor Leonard Groguhet, actresses Aur\u00e9lie Eliam and Akissy Delta and many others.<\/p>\n<p>Created and directed by Alex Ogou, a young Ivorian filmmaker, the \u00a0&#8220;Invisible&#8221; deals with the thorny issue of children in conflict with the law also called &#8220;microbes&#8221;. A real social issue that has hit the headlines in the working-class neighborhoods and more specifically in Abobo. In his drama of ten (10) episodes of 52-minute, Alex Ogou talks about the life of young Chaka, 13, living between family tragedy, poverty and social injustice. Gradually, moviegoers will discover how hardships will eventually pull down the moral values \u200b\u200bof this boy who will eventually become a &#8220;microbe&#8221;. The &#8220;Invisible&#8221; is not just about a social drama, but it\u2019s also about a real-life problem situations in our developping countries.<\/p>\n<p>Because she has always made the child\u2019s protection one of her struggles since 1998, Ms. Dominique Ouattara, President of Children of Africa Foundation was touched by the movie. After watching episode 1, Mrs. Dominique Ouattara, First Lady of C\u00f4te d&#8217;Ivoire and President of Children of Africa Foundation took the opportunity to share her feelings. &#8220;We just watched the first episode of the &#8220;Invisible&#8221; , I can say that I am particularly moved and even sad to see how real the movie is. At the same time I am proud that it was produced in C\u00f4te d\u2019Ivoire and by Ivorians in such a professional way. I even congratulated Mr. Alex Ogou and the actors on that.<\/p>\n","protected":false},"featured_media":21470,"template":"","meta":{"site-sidebar-layout":"default","site-content-layout":"default","ast-global-header-display":"","ast-main-header-display":"","ast-hfb-above-header-display":"","ast-hfb-below-header-display":"","ast-hfb-mobile-header-display":"","site-post-title":"","ast-breadcrumbs-content":"","ast-featured-img":"","footer-sml-layout":"","theme-transparent-header-meta":"default","adv-header-id-meta":"","stick-header-meta":"default","header-above-stick-meta":"","header-main-stick-meta":"","header-below-stick-meta":""},"dossier":[],"categorie":[],"yoast_head":"<!-- This site is optimized with the Yoast SEO plugin v22.8 - https:\/\/yoast.com\/wordpress\/plugins\/seo\/ -->\n<title>Cin\u00e9ma - Dominique Ouattara<\/title>\n<meta name=\"robots\" content=\"index, follow, max-snippet:-1, max-image-preview:large, max-video-preview:-1\" \/>\n<link rel=\"canonical\" href=\"https:\/\/dominiqueouattara.ci\/en\/activit_s\/cinema\/\" \/>\n<meta property=\"og:locale\" content=\"en_US\" \/>\n<meta property=\"og:type\" content=\"article\" \/>\n<meta property=\"og:title\" content=\"Cin\u00e9ma - Dominique Ouattara\" \/>\n<meta property=\"og:description\" content=\"The event witnessed the presence of government officials such as Maurice Kouakou Bandama, Minister of Culture and Francophonie, Sidy Timi\u00e9ko Tour\u00e9, Minister of Communication and Media and Tour\u00e9 Mamadou, Minister for the Promotion of Youth and Youth Employment. Celebrities from the world of culture were also present including \u00a0famous actor Leonard Groguhet, actresses Aur\u00e9lie Eliam &hellip; Cin\u00e9ma Read More &raquo;\" \/>\n<meta property=\"og:url\" content=\"https:\/\/dominiqueouattara.ci\/en\/activit_s\/cinema\/\" \/>\n<meta property=\"og:site_name\" content=\"Dominique Ouattara\" \/>\n<meta property=\"article:publisher\" content=\"https:\/\/www.facebook.com\/dominiqueouattara.ci?ref=ts\" \/>\n<meta property=\"article:modified_time\" content=\"2019-03-01T14:47:39+00:00\" \/>\n<meta property=\"og:image\" content=\"https:\/\/dominiqueouattara.ci\/wp-content\/uploads\/2019\/01\/dominique-ouattara-lancement-de-la-serie-invisibles-sur-canal-plus-1.jpg\" \/>\n\t<meta property=\"og:image:width\" content=\"1024\" \/>\n\t<meta property=\"og:image:height\" content=\"680\" \/>\n\t<meta property=\"og:image:type\" content=\"image\/jpeg\" \/>\n<meta name=\"twitter:card\" content=\"summary_large_image\" \/>\n<meta name=\"twitter:site\" content=\"@dominiqueouat\" \/>\n<meta name=\"twitter:label1\" content=\"Est. reading time\" \/>\n\t<meta name=\"twitter:data1\" content=\"1 minute\" \/>\n<script type=\"application\/ld+json\" class=\"yoast-schema-graph\">{\"@context\":\"https:\/\/schema.org\",\"@graph\":[{\"@type\":\"WebPage\",\"@id\":\"https:\/\/dominiqueouattara.ci\/en\/activit_s\/cinema\/\",\"url\":\"https:\/\/dominiqueouattara.ci\/en\/activit_s\/cinema\/\",\"name\":\"Cin\u00e9ma - Dominique Ouattara\",\"isPartOf\":{\"@id\":\"https:\/\/dominiqueouattara.ci\/en\/#website\"},\"primaryImageOfPage\":{\"@id\":\"https:\/\/dominiqueouattara.ci\/en\/activit_s\/cinema\/#primaryimage\"},\"image\":{\"@id\":\"https:\/\/dominiqueouattara.ci\/en\/activit_s\/cinema\/#primaryimage\"},\"thumbnailUrl\":\"https:\/\/dominiqueouattara.ci\/wp-content\/uploads\/2019\/01\/dominique-ouattara-lancement-de-la-serie-invisibles-sur-canal-plus-1.jpg\",\"datePublished\":\"2018-10-24T13:36:01+00:00\",\"dateModified\":\"2019-03-01T14:47:39+00:00\",\"breadcrumb\":{\"@id\":\"https:\/\/dominiqueouattara.ci\/en\/activit_s\/cinema\/#breadcrumb\"},\"inLanguage\":\"en-US\",\"potentialAction\":[{\"@type\":\"ReadAction\",\"target\":[\"https:\/\/dominiqueouattara.ci\/en\/activit_s\/cinema\/\"]}]},{\"@type\":\"ImageObject\",\"inLanguage\":\"en-US\",\"@id\":\"https:\/\/dominiqueouattara.ci\/en\/activit_s\/cinema\/#primaryimage\",\"url\":\"https:\/\/dominiqueouattara.ci\/wp-content\/uploads\/2019\/01\/dominique-ouattara-lancement-de-la-serie-invisibles-sur-canal-plus-1.jpg\",\"contentUrl\":\"https:\/\/dominiqueouattara.ci\/wp-content\/uploads\/2019\/01\/dominique-ouattara-lancement-de-la-serie-invisibles-sur-canal-plus-1.jpg\",\"width\":1024,\"height\":680,\"caption\":\"????????????????????????????????????\"},{\"@type\":\"BreadcrumbList\",\"@id\":\"https:\/\/dominiqueouattara.ci\/en\/activit_s\/cinema\/#breadcrumb\",\"itemListElement\":[{\"@type\":\"ListItem\",\"position\":1,\"name\":\"Accueil\",\"item\":\"https:\/\/dominiqueouattara.ci\/en\/\"},{\"@type\":\"ListItem\",\"position\":2,\"name\":\"Activit\u00e9s\",\"item\":\"https:\/\/dominiqueouattara.ci\/en\/activit_s\/\"},{\"@type\":\"ListItem\",\"position\":3,\"name\":\"Cin\u00e9ma\"}]},{\"@type\":\"WebSite\",\"@id\":\"https:\/\/dominiqueouattara.ci\/en\/#website\",\"url\":\"https:\/\/dominiqueouattara.ci\/en\/\",\"name\":\"Dominique Ouattara\",\"description\":\"\",\"potentialAction\":[{\"@type\":\"SearchAction\",\"target\":{\"@type\":\"EntryPoint\",\"urlTemplate\":\"https:\/\/dominiqueouattara.ci\/en\/?s={search_term_string}\"},\"query-input\":\"required name=search_term_string\"}],\"inLanguage\":\"en-US\"}]}<\/script>\n<!-- \/ Yoast SEO plugin. -->","yoast_head_json":{"title":"Cin\u00e9ma - Dominique Ouattara","robots":{"index":"index","follow":"follow","max-snippet":"max-snippet:-1","max-image-preview":"max-image-preview:large","max-video-preview":"max-video-preview:-1"},"canonical":"https:\/\/dominiqueouattara.ci\/en\/activit_s\/cinema\/","og_locale":"en_US","og_type":"article","og_title":"Cin\u00e9ma - Dominique Ouattara","og_description":"The event witnessed the presence of government officials such as Maurice Kouakou Bandama, Minister of Culture and Francophonie, Sidy Timi\u00e9ko Tour\u00e9, Minister of Communication and Media and Tour\u00e9 Mamadou, Minister for the Promotion of Youth and Youth Employment. Celebrities from the world of culture were also present including \u00a0famous actor Leonard Groguhet, actresses Aur\u00e9lie Eliam &hellip; Cin\u00e9ma Read More &raquo;","og_url":"https:\/\/dominiqueouattara.ci\/en\/activit_s\/cinema\/","og_site_name":"Dominique Ouattara","article_publisher":"https:\/\/www.facebook.com\/dominiqueouattara.ci?ref=ts","article_modified_time":"2019-03-01T14:47:39+00:00","og_image":[{"width":1024,"height":680,"url":"https:\/\/dominiqueouattara.ci\/wp-content\/uploads\/2019\/01\/dominique-ouattara-lancement-de-la-serie-invisibles-sur-canal-plus-1.jpg","type":"image\/jpeg"}],"twitter_card":"summary_large_image","twitter_site":"@dominiqueouat","twitter_misc":{"Est. reading time":"1 minute"},"schema":{"@context":"https:\/\/schema.org","@graph":[{"@type":"WebPage","@id":"https:\/\/dominiqueouattara.ci\/en\/activit_s\/cinema\/","url":"https:\/\/dominiqueouattara.ci\/en\/activit_s\/cinema\/","name":"Cin\u00e9ma - Dominique Ouattara","isPartOf":{"@id":"https:\/\/dominiqueouattara.ci\/en\/#website"},"primaryImageOfPage":{"@id":"https:\/\/dominiqueouattara.ci\/en\/activit_s\/cinema\/#primaryimage"},"image":{"@id":"https:\/\/dominiqueouattara.ci\/en\/activit_s\/cinema\/#primaryimage"},"thumbnailUrl":"https:\/\/dominiqueouattara.ci\/wp-content\/uploads\/2019\/01\/dominique-ouattara-lancement-de-la-serie-invisibles-sur-canal-plus-1.jpg","datePublished":"2018-10-24T13:36:01+00:00","dateModified":"2019-03-01T14:47:39+00:00","breadcrumb":{"@id":"https:\/\/dominiqueouattara.ci\/en\/activit_s\/cinema\/#breadcrumb"},"inLanguage":"en-US","potentialAction":[{"@type":"ReadAction","target":["https:\/\/dominiqueouattara.ci\/en\/activit_s\/cinema\/"]}]},{"@type":"ImageObject","inLanguage":"en-US","@id":"https:\/\/dominiqueouattara.ci\/en\/activit_s\/cinema\/#primaryimage","url":"https:\/\/dominiqueouattara.ci\/wp-content\/uploads\/2019\/01\/dominique-ouattara-lancement-de-la-serie-invisibles-sur-canal-plus-1.jpg","contentUrl":"https:\/\/dominiqueouattara.ci\/wp-content\/uploads\/2019\/01\/dominique-ouattara-lancement-de-la-serie-invisibles-sur-canal-plus-1.jpg","width":1024,"height":680,"caption":"????????????????????????????????????"},{"@type":"BreadcrumbList","@id":"https:\/\/dominiqueouattara.ci\/en\/activit_s\/cinema\/#breadcrumb","itemListElement":[{"@type":"ListItem","position":1,"name":"Accueil","item":"https:\/\/dominiqueouattara.ci\/en\/"},{"@type":"ListItem","position":2,"name":"Activit\u00e9s","item":"https:\/\/dominiqueouattara.ci\/en\/activit_s\/"},{"@type":"ListItem","position":3,"name":"Cin\u00e9ma"}]},{"@type":"WebSite","@id":"https:\/\/dominiqueouattara.ci\/en\/#website","url":"https:\/\/dominiqueouattara.ci\/en\/","name":"Dominique Ouattara","description":"","potentialAction":[{"@type":"SearchAction","target":{"@type":"EntryPoint","urlTemplate":"https:\/\/dominiqueouattara.ci\/en\/?s={search_term_string}"},"query-input":"required name=search_term_string"}],"inLanguage":"en-US"}]}},"_links":{"self":[{"href":"https:\/\/dominiqueouattara.ci\/en\/wp-json\/wp\/v2\/activit_s\/24033"}],"collection":[{"href":"https:\/\/dominiqueouattara.ci\/en\/wp-json\/wp\/v2\/activit_s"}],"about":[{"href":"https:\/\/dominiqueouattara.ci\/en\/wp-json\/wp\/v2\/types\/activit_s"}],"version-history":[{"count":1,"href":"https:\/\/dominiqueouattara.ci\/en\/wp-json\/wp\/v2\/activit_s\/24033\/revisions"}],"predecessor-version":[{"id":24035,"href":"https:\/\/dominiqueouattara.ci\/en\/wp-json\/wp\/v2\/activit_s\/24033\/revisions\/24035"}],"wp:featuredmedia":[{"embeddable":true,"href":"https:\/\/dominiqueouattara.ci\/en\/wp-json\/wp\/v2\/media\/21470"}],"wp:attachment":[{"href":"https:\/\/dominiqueouattara.ci\/en\/wp-json\/wp\/v2\/media?parent=24033"}],"wp:term":[{"taxonomy":"dossier","embeddable":true,"href":"https:\/\/dominiqueouattara.ci\/en\/wp-json\/wp\/v2\/dossier?post=24033"},{"taxonomy":"categorie","embeddable":true,"href":"https:\/\/dominiqueouattara.ci\/en\/wp-json\/wp\/v2\/categorie?post=24033"}],"curies":[{"name":"wp","href":"https:\/\/api.w.org\/{rel}","templated":true}]}}

Cinéma

<p>The event witnessed the presence of government officials such as Maurice Kouakou Bandama, Minister of Culture and Francophonie, Sidy Timiéko Touré, Minister of Communication and Media and Touré Mamadou, Minister for the Promotion of Youth and Youth Employment. Celebrities from the world of culture were also present including  famous actor Leonard Groguhet, actresses Aurélie Eliam and Akissy Delta and many others.</p>
<p>Created and directed by Alex Ogou, a young Ivorian filmmaker, the  &#8220;Invisible&#8221; deals with the thorny issue of children in conflict with the law also called &#8220;microbes&#8221;. A real social issue that has hit the headlines in the working-class neighborhoods and more specifically in Abobo. In his drama of ten (10) episodes of 52-minute, Alex Ogou talks about the life of young Chaka, 13, living between family tragedy, poverty and social injustice. Gradually, moviegoers will discover how hardships will eventually pull down the moral values ​​of this boy who will eventually become a &#8220;microbe&#8221;. The &#8220;Invisible&#8221; is not just about a social drama, but it’s also about a real-life problem situations in our developping countries.</p>
<p>Because she has always made the child’s protection one of her struggles since 1998, Ms. Dominique Ouattara, President of Children of Africa Foundation was touched by the movie. After watching episode 1, Mrs. Dominique Ouattara, First Lady of Côte d&#8217;Ivoire and President of Children of Africa Foundation took the opportunity to share her feelings. &#8220;We just watched the first episode of the &#8220;Invisible&#8221; , I can say that I am particularly moved and even sad to see how real the movie is. At the same time I am proud that it was produced in Côte d’Ivoire and by Ivorians in such a professional way. I even congratulated Mr. Alex Ogou and the actors on that.</p>

<!-- This site is optimized with the Yoast SEO plugin v22.8 - https://yoast.com/wordpress/plugins/seo/ -->
<title>Cinéma - Dominique Ouattara</title>
<meta name="robots" content="index, follow, max-snippet:-1, max-image-preview:large, max-video-preview:-1" />
<link rel="canonical" href="https://dominiqueouattara.ci/en/activit_s/cinema/" />
<meta property="og:locale" content="en_US" />
<meta property="og:type" content="article" />
<meta property="og:title" content="Cinéma - Dominique Ouattara" />
<meta property="og:description" content="The event witnessed the presence of government officials such as Maurice Kouakou Bandama, Minister of Culture and Francophonie, Sidy Timiéko Touré, Minister of Communication and Media and Touré Mamadou, Minister for the Promotion of Youth and Youth Employment. Celebrities from the world of culture were also present including  famous actor Leonard Groguhet, actresses Aurélie Eliam &hellip; Cinéma Read More &raquo;" />
<meta property="og:url" content="https://dominiqueouattara.ci/en/activit_s/cinema/" />
<meta property="og:site_name" content="Dominique Ouattara" />
<meta property="article:publisher" content="https://www.facebook.com/dominiqueouattara.ci?ref=ts" />
<meta property="article:modified_time" content="2019-03-01T14:47:39+00:00" />
<meta property="og:image" content="https://dominiqueouattara.ci/wp-content/uploads/2019/01/dominique-ouattara-lancement-de-la-serie-invisibles-sur-canal-plus-1.jpg" />
	<meta property="og:image:width" content="1024" />
	<meta property="og:image:height" content="680" />
	<meta property="og:image:type" content="image/jpeg" />
<meta name="twitter:card" content="summary_large_image" />
<meta name="twitter:site" content="@dominiqueouat" />
<meta name="twitter:label1" content="Est. reading time" />
	<meta name="twitter:data1" content="1 minute" />
<script type="application/ld+json" class="yoast-schema-graph">{"@context":"https://schema.org","@graph":[{"@type":"WebPage","@id":"https://dominiqueouattara.ci/en/activit_s/cinema/","url":"https://dominiqueouattara.ci/en/activit_s/cinema/","name":"Cinéma - Dominique Ouattara","isPartOf":{"@id":"https://dominiqueouattara.ci/en/#website"},"primaryImageOfPage":{"@id":"https://dominiqueouattara.ci/en/activit_s/cinema/#primaryimage"},"image":{"@id":"https://dominiqueouattara.ci/en/activit_s/cinema/#primaryimage"},"thumbnailUrl":"https://dominiqueouattara.ci/wp-content/uploads/2019/01/dominique-ouattara-lancement-de-la-serie-invisibles-sur-canal-plus-1.jpg","datePublished":"2018-10-24T13:36:01+00:00","dateModified":"2019-03-01T14:47:39+00:00","breadcrumb":{"@id":"https://dominiqueouattara.ci/en/activit_s/cinema/#breadcrumb"},"inLanguage":"en-US","potentialAction":[{"@type":"ReadAction","target":["https://dominiqueouattara.ci/en/activit_s/cinema/"]}]},{"@type":"ImageObject","inLanguage":"en-US","@id":"https://dominiqueouattara.ci/en/activit_s/cinema/#primaryimage","url":"https://dominiqueouattara.ci/wp-content/uploads/2019/01/dominique-ouattara-lancement-de-la-serie-invisibles-sur-canal-plus-1.jpg","contentUrl":"https://dominiqueouattara.ci/wp-content/uploads/2019/01/dominique-ouattara-lancement-de-la-serie-invisibles-sur-canal-plus-1.jpg","width":1024,"height":680,"caption":"????????????????????????????????????"},{"@type":"BreadcrumbList","@id":"https://dominiqueouattara.ci/en/activit_s/cinema/#breadcrumb","itemListElement":[{"@type":"ListItem","position":1,"name":"Accueil","item":"https://dominiqueouattara.ci/en/"},{"@type":"ListItem","position":2,"name":"Activités","item":"https://dominiqueouattara.ci/en/activit_s/"},{"@type":"ListItem","position":3,"name":"Cinéma"}]},{"@type":"WebSite","@id":"https://dominiqueouattara.ci/en/#website","url":"https://dominiqueouattara.ci/en/","name":"Dominique Ouattara","description":"","potentialAction":[{"@type":"SearchAction","target":{"@type":"EntryPoint","urlTemplate":"https://dominiqueouattara.ci/en/?s={search_term_string}"},"query-input":"required name=search_term_string"}],"inLanguage":"en-US"}]}</script>
<!-- / Yoast SEO plugin. -->

Cinéma - Dominique Ouattara

The event witnessed the presence of government officials such as Maurice Kouakou Bandama, Minister of Culture and Francophonie, Sidy Timiéko Touré, Minister of Communication and Media and Touré Mamadou, Minister for the Promotion of Youth and Youth Employment. Celebrities from the world of culture were also present including  famous actor Leonard Groguhet, actresses Aurélie Eliam &hellip; Cinéma Read More &raquo;

Activités
