{"id":24047,"date":"2018-11-22T23:01:58","date_gmt":"2018-11-22T22:01:58","guid":{"rendered":"http:\/\/dame.kantt.fr\/?post_type=activit_s&#038;p=24047"},"modified":"2019-04-05T18:19:14","modified_gmt":"2019-04-05T16:19:14","slug":"24047","status":"publish","type":"activit_s","link":"https:\/\/dominiqueouattara.ci\/en\/activit_s\/24047\/","title":{"rendered":"HEC  inauguration ceremony"},"content":{"rendered":"<p>The renowned school HEC-Paris has just opened its West and Central Africa office in C\u00f4te d\u2019Ivoire. The inauguration ceremony of this new office that will allow the school to now provide quality education in C\u00f4te d&#8217;Ivoire was held on Thursday, November 22, 2018 at la maison de l\u2019Entreprise in Plateau. It was chaired by Mrs. Dominique Ouattara, First Lady of C\u00f4te d&#8217;Ivoire, and witnessed the presence of several personalities including Mr. Albert Mabri Toikeusse, Minister of Higher Education and Scientific Research, Mr. Sidi Ti\u00e9moko Tour\u00e9, Minister of Communication and Media, Mr. Aboudramane Ciss\u00e9, Special Adviser to the President of the Republic and Mr. Gilles Huberson, Ambassador of France to C\u00f4te d&#8217;Ivoire. Executives and former students of HEC Paris were also present.<\/p>\n<p>The purpose of this HEC office is to train about a hundred senior executives each year in finance and corporate strategy and to promote and develop the school&#8217;s activities in the sub-region.<\/p>\n<p>Since education is one of the priority areas of the Children of Africa Foundation&#8217;s activities, the wife of the Head of State has agreed to preside over this ceremony. &#8220;(&#8230;) As President of an International Foundation for Children, and First Lady of C\u00f4te d&#8217;Ivoire, education has always been one of the priority areas in my projects. That is why I have accepted to be the godmother of the inauguration ceremony of this day. This important event marks a turning point in the training and transmission of knowledge to the continent\u2019s future leaders &#8220;she explained. For the First Lady, Africa needs to develop &#8220;its network of decision makers&#8221; \u00a0to ensure social and economic growth.<\/p>\n","protected":false},"featured_media":21479,"template":"","meta":{"site-sidebar-layout":"default","site-content-layout":"default","ast-global-header-display":"","ast-main-header-display":"","ast-hfb-above-header-display":"","ast-hfb-below-header-display":"","ast-hfb-mobile-header-display":"","site-post-title":"","ast-breadcrumbs-content":"","ast-featured-img":"","footer-sml-layout":"","theme-transparent-header-meta":"default","adv-header-id-meta":"","stick-header-meta":"default","header-above-stick-meta":"","header-main-stick-meta":"","header-below-stick-meta":""},"dossier":[],"categorie":[],"yoast_head":"<!-- This site is optimized with the Yoast SEO plugin v22.8 - https:\/\/yoast.com\/wordpress\/plugins\/seo\/ -->\n<title>HEC inauguration ceremony - Dominique Ouattara<\/title>\n<meta name=\"robots\" content=\"index, follow, max-snippet:-1, max-image-preview:large, max-video-preview:-1\" \/>\n<link rel=\"canonical\" href=\"https:\/\/dominiqueouattara.ci\/en\/activit_s\/24047\/\" \/>\n<meta property=\"og:locale\" content=\"en_US\" \/>\n<meta property=\"og:type\" content=\"article\" \/>\n<meta property=\"og:title\" content=\"HEC inauguration ceremony - Dominique Ouattara\" \/>\n<meta property=\"og:description\" content=\"The renowned school HEC-Paris has just opened its West and Central Africa office in C\u00f4te d\u2019Ivoire. The inauguration ceremony of this new office that will allow the school to now provide quality education in C\u00f4te d&#8217;Ivoire was held on Thursday, November 22, 2018 at la maison de l\u2019Entreprise in Plateau. It was chaired by Mrs. &hellip; HEC inauguration ceremony Read More &raquo;\" \/>\n<meta property=\"og:url\" content=\"https:\/\/dominiqueouattara.ci\/en\/activit_s\/24047\/\" \/>\n<meta property=\"og:site_name\" content=\"Dominique Ouattara\" \/>\n<meta property=\"article:publisher\" content=\"https:\/\/www.facebook.com\/dominiqueouattara.ci?ref=ts\" \/>\n<meta property=\"article:modified_time\" content=\"2019-04-05T16:19:14+00:00\" \/>\n<meta property=\"og:image\" content=\"https:\/\/dominiqueouattara.ci\/wp-content\/uploads\/2019\/01\/dominique-ouattara-inaugure-le-bureau-cote-d-ivoire-de-hec-paris-1.jpg\" \/>\n\t<meta property=\"og:image:width\" content=\"1024\" \/>\n\t<meta property=\"og:image:height\" content=\"682\" \/>\n\t<meta property=\"og:image:type\" content=\"image\/jpeg\" \/>\n<meta name=\"twitter:card\" content=\"summary_large_image\" \/>\n<meta name=\"twitter:site\" content=\"@dominiqueouat\" \/>\n<meta name=\"twitter:label1\" content=\"Est. reading time\" \/>\n\t<meta name=\"twitter:data1\" content=\"1 minute\" \/>\n<script type=\"application\/ld+json\" class=\"yoast-schema-graph\">{\"@context\":\"https:\/\/schema.org\",\"@graph\":[{\"@type\":\"WebPage\",\"@id\":\"https:\/\/dominiqueouattara.ci\/en\/activit_s\/24047\/\",\"url\":\"https:\/\/dominiqueouattara.ci\/en\/activit_s\/24047\/\",\"name\":\"HEC inauguration ceremony - Dominique Ouattara\",\"isPartOf\":{\"@id\":\"https:\/\/dominiqueouattara.ci\/en\/#website\"},\"primaryImageOfPage\":{\"@id\":\"https:\/\/dominiqueouattara.ci\/en\/activit_s\/24047\/#primaryimage\"},\"image\":{\"@id\":\"https:\/\/dominiqueouattara.ci\/en\/activit_s\/24047\/#primaryimage\"},\"thumbnailUrl\":\"https:\/\/dominiqueouattara.ci\/wp-content\/uploads\/2019\/01\/dominique-ouattara-inaugure-le-bureau-cote-d-ivoire-de-hec-paris-1.jpg\",\"datePublished\":\"2018-11-22T22:01:58+00:00\",\"dateModified\":\"2019-04-05T16:19:14+00:00\",\"breadcrumb\":{\"@id\":\"https:\/\/dominiqueouattara.ci\/en\/activit_s\/24047\/#breadcrumb\"},\"inLanguage\":\"en-US\",\"potentialAction\":[{\"@type\":\"ReadAction\",\"target\":[\"https:\/\/dominiqueouattara.ci\/en\/activit_s\/24047\/\"]}]},{\"@type\":\"ImageObject\",\"inLanguage\":\"en-US\",\"@id\":\"https:\/\/dominiqueouattara.ci\/en\/activit_s\/24047\/#primaryimage\",\"url\":\"https:\/\/dominiqueouattara.ci\/wp-content\/uploads\/2019\/01\/dominique-ouattara-inaugure-le-bureau-cote-d-ivoire-de-hec-paris-1.jpg\",\"contentUrl\":\"https:\/\/dominiqueouattara.ci\/wp-content\/uploads\/2019\/01\/dominique-ouattara-inaugure-le-bureau-cote-d-ivoire-de-hec-paris-1.jpg\",\"width\":1024,\"height\":682,\"caption\":\"????????????????????????????????????\"},{\"@type\":\"BreadcrumbList\",\"@id\":\"https:\/\/dominiqueouattara.ci\/en\/activit_s\/24047\/#breadcrumb\",\"itemListElement\":[{\"@type\":\"ListItem\",\"position\":1,\"name\":\"Accueil\",\"item\":\"https:\/\/dominiqueouattara.ci\/en\/\"},{\"@type\":\"ListItem\",\"position\":2,\"name\":\"Activit\u00e9s\",\"item\":\"https:\/\/dominiqueouattara.ci\/en\/activit_s\/\"},{\"@type\":\"ListItem\",\"position\":3,\"name\":\"HEC inauguration ceremony\"}]},{\"@type\":\"WebSite\",\"@id\":\"https:\/\/dominiqueouattara.ci\/en\/#website\",\"url\":\"https:\/\/dominiqueouattara.ci\/en\/\",\"name\":\"Dominique Ouattara\",\"description\":\"\",\"potentialAction\":[{\"@type\":\"SearchAction\",\"target\":{\"@type\":\"EntryPoint\",\"urlTemplate\":\"https:\/\/dominiqueouattara.ci\/en\/?s={search_term_string}\"},\"query-input\":\"required name=search_term_string\"}],\"inLanguage\":\"en-US\"}]}<\/script>\n<!-- \/ Yoast SEO plugin. -->","yoast_head_json":{"title":"HEC inauguration ceremony - Dominique Ouattara","robots":{"index":"index","follow":"follow","max-snippet":"max-snippet:-1","max-image-preview":"max-image-preview:large","max-video-preview":"max-video-preview:-1"},"canonical":"https:\/\/dominiqueouattara.ci\/en\/activit_s\/24047\/","og_locale":"en_US","og_type":"article","og_title":"HEC inauguration ceremony - Dominique Ouattara","og_description":"The renowned school HEC-Paris has just opened its West and Central Africa office in C\u00f4te d\u2019Ivoire. The inauguration ceremony of this new office that will allow the school to now provide quality education in C\u00f4te d&#8217;Ivoire was held on Thursday, November 22, 2018 at la maison de l\u2019Entreprise in Plateau. It was chaired by Mrs. &hellip; HEC inauguration ceremony Read More &raquo;","og_url":"https:\/\/dominiqueouattara.ci\/en\/activit_s\/24047\/","og_site_name":"Dominique Ouattara","article_publisher":"https:\/\/www.facebook.com\/dominiqueouattara.ci?ref=ts","article_modified_time":"2019-04-05T16:19:14+00:00","og_image":[{"width":1024,"height":682,"url":"https:\/\/dominiqueouattara.ci\/wp-content\/uploads\/2019\/01\/dominique-ouattara-inaugure-le-bureau-cote-d-ivoire-de-hec-paris-1.jpg","type":"image\/jpeg"}],"twitter_card":"summary_large_image","twitter_site":"@dominiqueouat","twitter_misc":{"Est. reading time":"1 minute"},"schema":{"@context":"https:\/\/schema.org","@graph":[{"@type":"WebPage","@id":"https:\/\/dominiqueouattara.ci\/en\/activit_s\/24047\/","url":"https:\/\/dominiqueouattara.ci\/en\/activit_s\/24047\/","name":"HEC inauguration ceremony - Dominique Ouattara","isPartOf":{"@id":"https:\/\/dominiqueouattara.ci\/en\/#website"},"primaryImageOfPage":{"@id":"https:\/\/dominiqueouattara.ci\/en\/activit_s\/24047\/#primaryimage"},"image":{"@id":"https:\/\/dominiqueouattara.ci\/en\/activit_s\/24047\/#primaryimage"},"thumbnailUrl":"https:\/\/dominiqueouattara.ci\/wp-content\/uploads\/2019\/01\/dominique-ouattara-inaugure-le-bureau-cote-d-ivoire-de-hec-paris-1.jpg","datePublished":"2018-11-22T22:01:58+00:00","dateModified":"2019-04-05T16:19:14+00:00","breadcrumb":{"@id":"https:\/\/dominiqueouattara.ci\/en\/activit_s\/24047\/#breadcrumb"},"inLanguage":"en-US","potentialAction":[{"@type":"ReadAction","target":["https:\/\/dominiqueouattara.ci\/en\/activit_s\/24047\/"]}]},{"@type":"ImageObject","inLanguage":"en-US","@id":"https:\/\/dominiqueouattara.ci\/en\/activit_s\/24047\/#primaryimage","url":"https:\/\/dominiqueouattara.ci\/wp-content\/uploads\/2019\/01\/dominique-ouattara-inaugure-le-bureau-cote-d-ivoire-de-hec-paris-1.jpg","contentUrl":"https:\/\/dominiqueouattara.ci\/wp-content\/uploads\/2019\/01\/dominique-ouattara-inaugure-le-bureau-cote-d-ivoire-de-hec-paris-1.jpg","width":1024,"height":682,"caption":"????????????????????????????????????"},{"@type":"BreadcrumbList","@id":"https:\/\/dominiqueouattara.ci\/en\/activit_s\/24047\/#breadcrumb","itemListElement":[{"@type":"ListItem","position":1,"name":"Accueil","item":"https:\/\/dominiqueouattara.ci\/en\/"},{"@type":"ListItem","position":2,"name":"Activit\u00e9s","item":"https:\/\/dominiqueouattara.ci\/en\/activit_s\/"},{"@type":"ListItem","position":3,"name":"HEC inauguration ceremony"}]},{"@type":"WebSite","@id":"https:\/\/dominiqueouattara.ci\/en\/#website","url":"https:\/\/dominiqueouattara.ci\/en\/","name":"Dominique Ouattara","description":"","potentialAction":[{"@type":"SearchAction","target":{"@type":"EntryPoint","urlTemplate":"https:\/\/dominiqueouattara.ci\/en\/?s={search_term_string}"},"query-input":"required name=search_term_string"}],"inLanguage":"en-US"}]}},"_links":{"self":[{"href":"https:\/\/dominiqueouattara.ci\/en\/wp-json\/wp\/v2\/activit_s\/24047"}],"collection":[{"href":"https:\/\/dominiqueouattara.ci\/en\/wp-json\/wp\/v2\/activit_s"}],"about":[{"href":"https:\/\/dominiqueouattara.ci\/en\/wp-json\/wp\/v2\/types\/activit_s"}],"version-history":[{"count":2,"href":"https:\/\/dominiqueouattara.ci\/en\/wp-json\/wp\/v2\/activit_s\/24047\/revisions"}],"predecessor-version":[{"id":24553,"href":"https:\/\/dominiqueouattara.ci\/en\/wp-json\/wp\/v2\/activit_s\/24047\/revisions\/24553"}],"wp:featuredmedia":[{"embeddable":true,"href":"https:\/\/dominiqueouattara.ci\/en\/wp-json\/wp\/v2\/media\/21479"}],"wp:attachment":[{"href":"https:\/\/dominiqueouattara.ci\/en\/wp-json\/wp\/v2\/media?parent=24047"}],"wp:term":[{"taxonomy":"dossier","embeddable":true,"href":"https:\/\/dominiqueouattara.ci\/en\/wp-json\/wp\/v2\/dossier?post=24047"},{"taxonomy":"categorie","embeddable":true,"href":"https:\/\/dominiqueouattara.ci\/en\/wp-json\/wp\/v2\/categorie?post=24047"}],"curies":[{"name":"wp","href":"https:\/\/api.w.org\/{rel}","templated":true}]}}

<p>The renowned school HEC-Paris has just opened its West and Central Africa office in Côte d’Ivoire. The inauguration ceremony of this new office that will allow the school to now provide quality education in Côte d&#8217;Ivoire was held on Thursday, November 22, 2018 at la maison de l’Entreprise in Plateau. It was chaired by Mrs. Dominique Ouattara, First Lady of Côte d&#8217;Ivoire, and witnessed the presence of several personalities including Mr. Albert Mabri Toikeusse, Minister of Higher Education and Scientific Research, Mr. Sidi Tiémoko Touré, Minister of Communication and Media, Mr. Aboudramane Cissé, Special Adviser to the President of the Republic and Mr. Gilles Huberson, Ambassador of France to Côte d&#8217;Ivoire. Executives and former students of HEC Paris were also present.</p>
<p>The purpose of this HEC office is to train about a hundred senior executives each year in finance and corporate strategy and to promote and develop the school&#8217;s activities in the sub-region.</p>
<p>Since education is one of the priority areas of the Children of Africa Foundation&#8217;s activities, the wife of the Head of State has agreed to preside over this ceremony. &#8220;(&#8230;) As President of an International Foundation for Children, and First Lady of Côte d&#8217;Ivoire, education has always been one of the priority areas in my projects. That is why I have accepted to be the godmother of the inauguration ceremony of this day. This important event marks a turning point in the training and transmission of knowledge to the continent’s future leaders &#8220;she explained. For the First Lady, Africa needs to develop &#8220;its network of decision makers&#8221;  to ensure social and economic growth.</p>

<!-- This site is optimized with the Yoast SEO plugin v22.8 - https://yoast.com/wordpress/plugins/seo/ -->
<title>HEC inauguration ceremony - Dominique Ouattara</title>
<meta name="robots" content="index, follow, max-snippet:-1, max-image-preview:large, max-video-preview:-1" />
<link rel="canonical" href="https://dominiqueouattara.ci/en/activit_s/24047/" />
<meta property="og:locale" content="en_US" />
<meta property="og:type" content="article" />
<meta property="og:title" content="HEC inauguration ceremony - Dominique Ouattara" />
<meta property="og:description" content="The renowned school HEC-Paris has just opened its West and Central Africa office in Côte d’Ivoire. The inauguration ceremony of this new office that will allow the school to now provide quality education in Côte d&#8217;Ivoire was held on Thursday, November 22, 2018 at la maison de l’Entreprise in Plateau. It was chaired by Mrs. &hellip; HEC inauguration ceremony Read More &raquo;" />
<meta property="og:url" content="https://dominiqueouattara.ci/en/activit_s/24047/" />
<meta property="og:site_name" content="Dominique Ouattara" />
<meta property="article:publisher" content="https://www.facebook.com/dominiqueouattara.ci?ref=ts" />
<meta property="article:modified_time" content="2019-04-05T16:19:14+00:00" />
<meta property="og:image" content="https://dominiqueouattara.ci/wp-content/uploads/2019/01/dominique-ouattara-inaugure-le-bureau-cote-d-ivoire-de-hec-paris-1.jpg" />
	<meta property="og:image:width" content="1024" />
	<meta property="og:image:height" content="682" />
	<meta property="og:image:type" content="image/jpeg" />
<meta name="twitter:card" content="summary_large_image" />
<meta name="twitter:site" content="@dominiqueouat" />
<meta name="twitter:label1" content="Est. reading time" />
	<meta name="twitter:data1" content="1 minute" />
<script type="application/ld+json" class="yoast-schema-graph">{"@context":"https://schema.org","@graph":[{"@type":"WebPage","@id":"https://dominiqueouattara.ci/en/activit_s/24047/","url":"https://dominiqueouattara.ci/en/activit_s/24047/","name":"HEC inauguration ceremony - Dominique Ouattara","isPartOf":{"@id":"https://dominiqueouattara.ci/en/#website"},"primaryImageOfPage":{"@id":"https://dominiqueouattara.ci/en/activit_s/24047/#primaryimage"},"image":{"@id":"https://dominiqueouattara.ci/en/activit_s/24047/#primaryimage"},"thumbnailUrl":"https://dominiqueouattara.ci/wp-content/uploads/2019/01/dominique-ouattara-inaugure-le-bureau-cote-d-ivoire-de-hec-paris-1.jpg","datePublished":"2018-11-22T22:01:58+00:00","dateModified":"2019-04-05T16:19:14+00:00","breadcrumb":{"@id":"https://dominiqueouattara.ci/en/activit_s/24047/#breadcrumb"},"inLanguage":"en-US","potentialAction":[{"@type":"ReadAction","target":["https://dominiqueouattara.ci/en/activit_s/24047/"]}]},{"@type":"ImageObject","inLanguage":"en-US","@id":"https://dominiqueouattara.ci/en/activit_s/24047/#primaryimage","url":"https://dominiqueouattara.ci/wp-content/uploads/2019/01/dominique-ouattara-inaugure-le-bureau-cote-d-ivoire-de-hec-paris-1.jpg","contentUrl":"https://dominiqueouattara.ci/wp-content/uploads/2019/01/dominique-ouattara-inaugure-le-bureau-cote-d-ivoire-de-hec-paris-1.jpg","width":1024,"height":682,"caption":"????????????????????????????????????"},{"@type":"BreadcrumbList","@id":"https://dominiqueouattara.ci/en/activit_s/24047/#breadcrumb","itemListElement":[{"@type":"ListItem","position":1,"name":"Accueil","item":"https://dominiqueouattara.ci/en/"},{"@type":"ListItem","position":2,"name":"Activités","item":"https://dominiqueouattara.ci/en/activit_s/"},{"@type":"ListItem","position":3,"name":"HEC inauguration ceremony"}]},{"@type":"WebSite","@id":"https://dominiqueouattara.ci/en/#website","url":"https://dominiqueouattara.ci/en/","name":"Dominique Ouattara","description":"","potentialAction":[{"@type":"SearchAction","target":{"@type":"EntryPoint","urlTemplate":"https://dominiqueouattara.ci/en/?s={search_term_string}"},"query-input":"required name=search_term_string"}],"inLanguage":"en-US"}]}</script>
<!-- / Yoast SEO plugin. -->

The renowned school HEC-Paris has just opened its West and Central Africa office in Côte d’Ivoire. The inauguration ceremony of this new office that will allow the school to now provide quality education in Côte d&#8217;Ivoire was held on Thursday, November 22, 2018 at la maison de l’Entreprise in Plateau. It was chaired by Mrs. &hellip; HEC inauguration ceremony Read More &raquo;

Activités
