{"id":20511,"date":"2012-01-05T14:41:06","date_gmt":"2012-01-05T13:41:06","guid":{"rendered":"http:\/\/dame.kantt.fr\/vid_o\/ceremonie-de-decoration-de-mme-dominique-ouattara-en\/"},"modified":"2012-01-05T14:41:06","modified_gmt":"2012-01-05T13:41:06","slug":"ceremonie-de-decoration-de-mme-dominique-ouattara-en","status":"publish","type":"vid_o","link":"https:\/\/dominiqueouattara.ci\/en\/vid_o\/ceremonie-de-decoration-de-mme-dominique-ouattara-en\/","title":{"rendered":"c\u00e9r\u00e9monie de d\u00e9coration de Mme Dominique Ouattara (en)"},"content":{"rendered":"","protected":false},"featured_media":0,"template":"","meta":{"site-sidebar-layout":"default","site-content-layout":"default","ast-global-header-display":"","ast-main-header-display":"","ast-hfb-above-header-display":"","ast-hfb-below-header-display":"","ast-hfb-mobile-header-display":"","site-post-title":"","ast-breadcrumbs-content":"","ast-featured-img":"","footer-sml-layout":"","theme-transparent-header-meta":"","adv-header-id-meta":"","stick-header-meta":"","header-above-stick-meta":"","header-main-stick-meta":"","header-below-stick-meta":""},"th_me":[],"mots_cl_s":[],"yoast_head":"<!-- This site is optimized with the Yoast SEO plugin v22.8 - https:\/\/yoast.com\/wordpress\/plugins\/seo\/ -->\n<title>c\u00e9r\u00e9monie de d\u00e9coration de Mme Dominique Ouattara (en) - Dominique Ouattara<\/title>\n<meta name=\"robots\" content=\"index, follow, max-snippet:-1, max-image-preview:large, max-video-preview:-1\" \/>\n<link rel=\"canonical\" href=\"https:\/\/dominiqueouattara.ci\/en\/vid_o\/ceremonie-de-decoration-de-mme-dominique-ouattara-en\/\" \/>\n<meta property=\"og:locale\" content=\"en_US\" \/>\n<meta property=\"og:type\" content=\"article\" \/>\n<meta property=\"og:title\" content=\"c\u00e9r\u00e9monie de d\u00e9coration de Mme Dominique Ouattara (en) - Dominique Ouattara\" \/>\n<meta property=\"og:url\" content=\"https:\/\/dominiqueouattara.ci\/en\/vid_o\/ceremonie-de-decoration-de-mme-dominique-ouattara-en\/\" \/>\n<meta property=\"og:site_name\" content=\"Dominique Ouattara\" \/>\n<meta property=\"article:publisher\" content=\"https:\/\/www.facebook.com\/dominiqueouattara.ci?ref=ts\" \/>\n<meta name=\"twitter:card\" content=\"summary_large_image\" \/>\n<meta name=\"twitter:site\" content=\"@dominiqueouat\" \/>\n<script type=\"application\/ld+json\" class=\"yoast-schema-graph\">{\"@context\":\"https:\/\/schema.org\",\"@graph\":[{\"@type\":\"WebPage\",\"@id\":\"https:\/\/dominiqueouattara.ci\/en\/vid_o\/ceremonie-de-decoration-de-mme-dominique-ouattara-en\/\",\"url\":\"https:\/\/dominiqueouattara.ci\/en\/vid_o\/ceremonie-de-decoration-de-mme-dominique-ouattara-en\/\",\"name\":\"c\u00e9r\u00e9monie de d\u00e9coration de Mme Dominique Ouattara (en) - Dominique Ouattara\",\"isPartOf\":{\"@id\":\"https:\/\/dominiqueouattara.ci\/en\/#website\"},\"datePublished\":\"2012-01-05T13:41:06+00:00\",\"dateModified\":\"2012-01-05T13:41:06+00:00\",\"breadcrumb\":{\"@id\":\"https:\/\/dominiqueouattara.ci\/en\/vid_o\/ceremonie-de-decoration-de-mme-dominique-ouattara-en\/#breadcrumb\"},\"inLanguage\":\"en-US\",\"potentialAction\":[{\"@type\":\"ReadAction\",\"target\":[\"https:\/\/dominiqueouattara.ci\/en\/vid_o\/ceremonie-de-decoration-de-mme-dominique-ouattara-en\/\"]}]},{\"@type\":\"BreadcrumbList\",\"@id\":\"https:\/\/dominiqueouattara.ci\/en\/vid_o\/ceremonie-de-decoration-de-mme-dominique-ouattara-en\/#breadcrumb\",\"itemListElement\":[{\"@type\":\"ListItem\",\"position\":1,\"name\":\"Accueil\",\"item\":\"https:\/\/dominiqueouattara.ci\/en\/\"},{\"@type\":\"ListItem\",\"position\":2,\"name\":\"Videos\",\"item\":\"https:\/\/dominiqueouattara.ci\/en\/vid_o\/\"},{\"@type\":\"ListItem\",\"position\":3,\"name\":\"c\u00e9r\u00e9monie de d\u00e9coration de Mme Dominique Ouattara (en)\"}]},{\"@type\":\"WebSite\",\"@id\":\"https:\/\/dominiqueouattara.ci\/en\/#website\",\"url\":\"https:\/\/dominiqueouattara.ci\/en\/\",\"name\":\"Dominique Ouattara\",\"description\":\"\",\"potentialAction\":[{\"@type\":\"SearchAction\",\"target\":{\"@type\":\"EntryPoint\",\"urlTemplate\":\"https:\/\/dominiqueouattara.ci\/en\/?s={search_term_string}\"},\"query-input\":\"required name=search_term_string\"}],\"inLanguage\":\"en-US\"}]}<\/script>\n<!-- \/ Yoast SEO plugin. -->","yoast_head_json":{"title":"c\u00e9r\u00e9monie de d\u00e9coration de Mme Dominique Ouattara (en) - Dominique Ouattara","robots":{"index":"index","follow":"follow","max-snippet":"max-snippet:-1","max-image-preview":"max-image-preview:large","max-video-preview":"max-video-preview:-1"},"canonical":"https:\/\/dominiqueouattara.ci\/en\/vid_o\/ceremonie-de-decoration-de-mme-dominique-ouattara-en\/","og_locale":"en_US","og_type":"article","og_title":"c\u00e9r\u00e9monie de d\u00e9coration de Mme Dominique Ouattara (en) - Dominique Ouattara","og_url":"https:\/\/dominiqueouattara.ci\/en\/vid_o\/ceremonie-de-decoration-de-mme-dominique-ouattara-en\/","og_site_name":"Dominique Ouattara","article_publisher":"https:\/\/www.facebook.com\/dominiqueouattara.ci?ref=ts","twitter_card":"summary_large_image","twitter_site":"@dominiqueouat","schema":{"@context":"https:\/\/schema.org","@graph":[{"@type":"WebPage","@id":"https:\/\/dominiqueouattara.ci\/en\/vid_o\/ceremonie-de-decoration-de-mme-dominique-ouattara-en\/","url":"https:\/\/dominiqueouattara.ci\/en\/vid_o\/ceremonie-de-decoration-de-mme-dominique-ouattara-en\/","name":"c\u00e9r\u00e9monie de d\u00e9coration de Mme Dominique Ouattara (en) - Dominique Ouattara","isPartOf":{"@id":"https:\/\/dominiqueouattara.ci\/en\/#website"},"datePublished":"2012-01-05T13:41:06+00:00","dateModified":"2012-01-05T13:41:06+00:00","breadcrumb":{"@id":"https:\/\/dominiqueouattara.ci\/en\/vid_o\/ceremonie-de-decoration-de-mme-dominique-ouattara-en\/#breadcrumb"},"inLanguage":"en-US","potentialAction":[{"@type":"ReadAction","target":["https:\/\/dominiqueouattara.ci\/en\/vid_o\/ceremonie-de-decoration-de-mme-dominique-ouattara-en\/"]}]},{"@type":"BreadcrumbList","@id":"https:\/\/dominiqueouattara.ci\/en\/vid_o\/ceremonie-de-decoration-de-mme-dominique-ouattara-en\/#breadcrumb","itemListElement":[{"@type":"ListItem","position":1,"name":"Accueil","item":"https:\/\/dominiqueouattara.ci\/en\/"},{"@type":"ListItem","position":2,"name":"Videos","item":"https:\/\/dominiqueouattara.ci\/en\/vid_o\/"},{"@type":"ListItem","position":3,"name":"c\u00e9r\u00e9monie de d\u00e9coration de Mme Dominique Ouattara (en)"}]},{"@type":"WebSite","@id":"https:\/\/dominiqueouattara.ci\/en\/#website","url":"https:\/\/dominiqueouattara.ci\/en\/","name":"Dominique Ouattara","description":"","potentialAction":[{"@type":"SearchAction","target":{"@type":"EntryPoint","urlTemplate":"https:\/\/dominiqueouattara.ci\/en\/?s={search_term_string}"},"query-input":"required name=search_term_string"}],"inLanguage":"en-US"}]}},"_links":{"self":[{"href":"https:\/\/dominiqueouattara.ci\/en\/wp-json\/wp\/v2\/vid_o\/20511"}],"collection":[{"href":"https:\/\/dominiqueouattara.ci\/en\/wp-json\/wp\/v2\/vid_o"}],"about":[{"href":"https:\/\/dominiqueouattara.ci\/en\/wp-json\/wp\/v2\/types\/vid_o"}],"version-history":[{"count":0,"href":"https:\/\/dominiqueouattara.ci\/en\/wp-json\/wp\/v2\/vid_o\/20511\/revisions"}],"wp:attachment":[{"href":"https:\/\/dominiqueouattara.ci\/en\/wp-json\/wp\/v2\/media?parent=20511"}],"wp:term":[{"taxonomy":"th_me","embeddable":true,"href":"https:\/\/dominiqueouattara.ci\/en\/wp-json\/wp\/v2\/th_me?post=20511"},{"taxonomy":"mots_cl_s","embeddable":true,"href":"https:\/\/dominiqueouattara.ci\/en\/wp-json\/wp\/v2\/mots_cl_s?post=20511"}],"curies":[{"name":"wp","href":"https:\/\/api.w.org\/{rel}","templated":true}]}}

cérémonie de décoration de Mme Dominique Ouattara (en)

<!-- This site is optimized with the Yoast SEO plugin v22.8 - https://yoast.com/wordpress/plugins/seo/ -->
<title>cérémonie de décoration de Mme Dominique Ouattara (en) - Dominique Ouattara</title>
<meta name="robots" content="index, follow, max-snippet:-1, max-image-preview:large, max-video-preview:-1" />
<link rel="canonical" href="https://dominiqueouattara.ci/en/vid_o/ceremonie-de-decoration-de-mme-dominique-ouattara-en/" />
<meta property="og:locale" content="en_US" />
<meta property="og:type" content="article" />
<meta property="og:title" content="cérémonie de décoration de Mme Dominique Ouattara (en) - Dominique Ouattara" />
<meta property="og:url" content="https://dominiqueouattara.ci/en/vid_o/ceremonie-de-decoration-de-mme-dominique-ouattara-en/" />
<meta property="og:site_name" content="Dominique Ouattara" />
<meta property="article:publisher" content="https://www.facebook.com/dominiqueouattara.ci?ref=ts" />
<meta name="twitter:card" content="summary_large_image" />
<meta name="twitter:site" content="@dominiqueouat" />
<script type="application/ld+json" class="yoast-schema-graph">{"@context":"https://schema.org","@graph":[{"@type":"WebPage","@id":"https://dominiqueouattara.ci/en/vid_o/ceremonie-de-decoration-de-mme-dominique-ouattara-en/","url":"https://dominiqueouattara.ci/en/vid_o/ceremonie-de-decoration-de-mme-dominique-ouattara-en/","name":"cérémonie de décoration de Mme Dominique Ouattara (en) - Dominique Ouattara","isPartOf":{"@id":"https://dominiqueouattara.ci/en/#website"},"datePublished":"2012-01-05T13:41:06+00:00","dateModified":"2012-01-05T13:41:06+00:00","breadcrumb":{"@id":"https://dominiqueouattara.ci/en/vid_o/ceremonie-de-decoration-de-mme-dominique-ouattara-en/#breadcrumb"},"inLanguage":"en-US","potentialAction":[{"@type":"ReadAction","target":["https://dominiqueouattara.ci/en/vid_o/ceremonie-de-decoration-de-mme-dominique-ouattara-en/"]}]},{"@type":"BreadcrumbList","@id":"https://dominiqueouattara.ci/en/vid_o/ceremonie-de-decoration-de-mme-dominique-ouattara-en/#breadcrumb","itemListElement":[{"@type":"ListItem","position":1,"name":"Accueil","item":"https://dominiqueouattara.ci/en/"},{"@type":"ListItem","position":2,"name":"Videos","item":"https://dominiqueouattara.ci/en/vid_o/"},{"@type":"ListItem","position":3,"name":"cérémonie de décoration de Mme Dominique Ouattara (en)"}]},{"@type":"WebSite","@id":"https://dominiqueouattara.ci/en/#website","url":"https://dominiqueouattara.ci/en/","name":"Dominique Ouattara","description":"","potentialAction":[{"@type":"SearchAction","target":{"@type":"EntryPoint","urlTemplate":"https://dominiqueouattara.ci/en/?s={search_term_string}"},"query-input":"required name=search_term_string"}],"inLanguage":"en-US"}]}</script>
<!-- / Yoast SEO plugin. -->

cérémonie de décoration de Mme Dominique Ouattara (en) - Dominique Ouattara
